{"id":361,"date":"2023-02-28T14:25:29","date_gmt":"2023-02-28T14:25:29","guid":{"rendered":"https:\/\/fsg-group.de\/Website\/?page_id=361"},"modified":"2023-03-07T13:28:33","modified_gmt":"2023-03-07T13:28:33","slug":"regionenverbaende","status":"publish","type":"page","link":"https:\/\/fsg-group.de\/Website\/index.php\/regionenverbaende\/","title":{"rendered":"Regionen und Verb\u00e4nde"},"content":{"rendered":"<div class='flex_column av-gk80h-4e5bd7b1f376a4b0b6637d04b2ed0492 av_one_half  avia-builder-el-0  el_before_av_one_half  avia-builder-el-first  first flex_column_div '     ><style type=\"text\/css\" data-created_by=\"avia_inline_auto\" id=\"style-css-av-leya2hix-febf331a67a8ac13076fbe8a8a17bbab\">\n.avia-image-container.av-leya2hix-febf331a67a8ac13076fbe8a8a17bbab img.avia_image{\nbox-shadow:none;\n}\n.avia-image-container.av-leya2hix-febf331a67a8ac13076fbe8a8a17bbab .av-image-caption-overlay-center{\ncolor:#ffffff;\n}\n<\/style>\n<div  class='avia-image-container av-leya2hix-febf331a67a8ac13076fbe8a8a17bbab av-styling- avia-align-center  avia-builder-el-1  avia-builder-el-no-sibling '   itemprop=\"image\" itemscope=\"itemscope\" itemtype=\"https:\/\/schema.org\/ImageObject\" ><div class=\"avia-image-container-inner\"><div class=\"avia-image-overlay-wrap\"><img decoding=\"async\" class='wp-image-542 avia-img-lazy-loading-not-542 avia_image ' src=\"https:\/\/fsg-group.de\/Website\/wp-content\/uploads\/2023\/03\/evening-atmosphere-g839267b98_1920-495x400.jpg\" alt='' title='evening-atmosphere-g839267b98_1920'  height=\"400\" width=\"495\"  itemprop=\"thumbnailUrl\" srcset=\"https:\/\/fsg-group.de\/Website\/wp-content\/uploads\/2023\/03\/evening-atmosphere-g839267b98_1920-495x400.jpg 495w, https:\/\/fsg-group.de\/Website\/wp-content\/uploads\/2023\/03\/evening-atmosphere-g839267b98_1920-845x684.jpg 845w\" sizes=\"(max-width: 495px) 100vw, 495px\" \/><\/div><\/div><\/div><\/div>\n<div class='flex_column av-9la29-f1bd66886217888c7887365eec025082 av_one_half  avia-builder-el-2  el_after_av_one_half  el_before_av_one_full  flex_column_div '     ><section  class='av_textblock_section av-ley9zkwf-dd402ee7e3284f07e0ce7677664c37ea'  itemscope=\"itemscope\" itemtype=\"https:\/\/schema.org\/CreativeWork\" ><div class='avia_textblock'  itemprop=\"text\" ><h2>Wirtschafts- und Tourismusf\u00f6rderung f\u00fcr Regionen<\/h2>\n<p>Bedingt durch den weiter wachsenden nationalen, europ\u00e4ischen und globalen Wettbewerbsdruck konkurrieren Regionen und Kommunen verst\u00e4rkt sowohl um \u00f6ffentliche Einrichtungen und Unternehmen als auch um B\u00fcrger. Der Bev\u00f6lkerungsr\u00fcckgang in vielen l\u00e4ndlich gepr\u00e4gten Regionen sowie die Versch\u00e4rfung von soziodemographischen Gegens\u00e4tzen zwischen Metropolen und strukturschwachen Gebieten sind Herausforderungen, die nur durch ein strategisch abgestimmtes Handeln bew\u00e4ltigt werden k\u00f6nnen.<\/p>\n<p>Der wirtschaftliche Erfolg einer Region und einer Kommune h\u00e4ngt dabei auch stark von der erfolgreichen Vermarktung ihrer spezifischen Standortvorteile ab. Hierf\u00fcr ist eine genaue Analyse der zukunftsf\u00e4higen Potenziale in den verschiedenen Teilbereichen, z.B. bei der Gewerbestruktur oder dem touristischen und kulturellen Potential, ein erster Schritt.<\/p>\n<\/div><\/section><\/div><div class='flex_column av-b922h-909d8ac110142f92025b0efc80f0d884 av_one_full  avia-builder-el-4  el_after_av_one_half  avia-builder-el-last  first flex_column_div column-top-margin'     ><section  class='av_textblock_section av-leyaafin-96804327a5b4afd99839df7ef9662bfe'  itemscope=\"itemscope\" itemtype=\"https:\/\/schema.org\/CreativeWork\" ><div class='avia_textblock'  itemprop=\"text\" ><h3>Unsere Vision: Gemeinsam die Zukunft der Region gestalten<\/h3>\n<p>Unser Ziel ist es, zusammen mit Ihnen die regionalen Potenziale zu ermitteln und daraus erfolgreiche Strategien f\u00fcr den Wettbewerb der Regionen zu entwickeln. Konkret bieten wir Ihnen hierf\u00fcr folgende Instrumente an:<\/p>\n<ul>\n<li>Standort- und Benchmarkanalyse<\/li>\n<li>B\u00fcrger und Unternehmensbefragungen<\/li>\n<li>Potenzialanalysen f\u00fcr Gewerbe, Einzelhandel und Tourismus<\/li>\n<li>Support beu Wirtschaftsf\u00f6rderungsma\u00dfnahmen<\/li>\n<li>Teilkonzepte f\u00fcr die Themen Einzelhandel, Tourismus und Gewerbe<\/li>\n<li>Konzeption und Realisation des Kommunikationsmixes<\/li>\n<\/ul>\n<\/div><\/section><\/div><\/p>\n","protected":false},"excerpt":{"rendered":"","protected":false},"author":1,"featured_media":0,"parent":0,"menu_order":0,"comment_status":"closed","ping_status":"closed","template":"","meta":{"footnotes":""},"class_list":["post-361","page","type-page","status-publish","hentry"],"_links":{"self":[{"href":"https:\/\/fsg-group.de\/Website\/index.php\/wp-json\/wp\/v2\/pages\/361","targetHints":{"allow":["GET"]}}],"collection":[{"href":"https:\/\/fsg-group.de\/Website\/index.php\/wp-json\/wp\/v2\/pages"}],"about":[{"href":"https:\/\/fsg-group.de\/Website\/index.php\/wp-json\/wp\/v2\/types\/page"}],"author":[{"embeddable":true,"href":"https:\/\/fsg-group.de\/Website\/index.php\/wp-json\/wp\/v2\/users\/1"}],"replies":[{"embeddable":true,"href":"https:\/\/fsg-group.de\/Website\/index.php\/wp-json\/wp\/v2\/comments?post=361"}],"version-history":[{"count":13,"href":"https:\/\/fsg-group.de\/Website\/index.php\/wp-json\/wp\/v2\/pages\/361\/revisions"}],"predecessor-version":[{"id":558,"href":"https:\/\/fsg-group.de\/Website\/index.php\/wp-json\/wp\/v2\/pages\/361\/revisions\/558"}],"wp:attachment":[{"href":"https:\/\/fsg-group.de\/Website\/index.php\/wp-json\/wp\/v2\/media?parent=361"}],"curies":[{"name":"wp","href":"https:\/\/api.w.org\/{rel}","templated":true}]}}