{"id":367,"date":"2023-02-28T14:33:59","date_gmt":"2023-02-28T14:33:59","guid":{"rendered":"https:\/\/fsg-group.de\/Website\/?page_id=367"},"modified":"2023-03-02T12:54:32","modified_gmt":"2023-03-02T12:54:32","slug":"rkw-digitalisierung-beratung","status":"publish","type":"page","link":"https:\/\/fsg-group.de\/Website\/index.php\/rkw-digitalisierung-beratung\/","title":{"rendered":"RKW Digitalisierungsberatung"},"content":{"rendered":"<section  class='av_textblock_section av-leocnbzv-6cf4365d5c40e7a887a5c0acb7cc6de0'  itemscope=\"itemscope\" itemtype=\"https:\/\/schema.org\/CreativeWork\" ><div class='avia_textblock'  itemprop=\"text\" ><header>\n<h2 class=\"\">Gef\u00f6rderte Digitalisierungsberatung f\u00fcr Gesch\u00e4ftsprozesse, Produkte und Dienstleistungen<\/h2>\n<\/header>\n<div class=\"ce-textpic ce-right ce-intext\">\n<div class=\"ce-bodytext\">\n<p>Start-ups, kleine und mittlere Unternehmen, Selbstst\u00e4ndige und Freiberufler k\u00f6nnen \u00fcber das RKW Hessen Beratungsleistungen zur Digitalisierung von Gesch\u00e4ftsprozessen sowie Produkten und Dienstleistungen mit Landesf\u00f6rderung in Anspruch nehmen.<\/p>\n<p>Als qualifizierter Dienstleister f\u00fcr Digitalisierungsberatung k\u00f6nnen wir Sie bei der Digitalisierung Ihrer Gesch\u00e4ftst\u00e4tigkeit im Rahmen einer bis zu 50 % gef\u00f6rderten Projekt-Beratung unterst\u00fctzen. So l\u00e4sst sich beispielsweise auch Ihre neue Website oder Ihr Online-Shop mit der attraktiven Landesf\u00f6rderung rasch umsetzen. Wir stehen Ihnen diesbez\u00fcglich mit Rat &amp; Tat zur Seite!<\/p>\n<\/div>\n<\/div>\n<\/div><\/section>\n","protected":false},"excerpt":{"rendered":"","protected":false},"author":1,"featured_media":0,"parent":0,"menu_order":0,"comment_status":"closed","ping_status":"closed","template":"","meta":{"footnotes":""},"class_list":["post-367","page","type-page","status-publish","hentry"],"_links":{"self":[{"href":"https:\/\/fsg-group.de\/Website\/index.php\/wp-json\/wp\/v2\/pages\/367","targetHints":{"allow":["GET"]}}],"collection":[{"href":"https:\/\/fsg-group.de\/Website\/index.php\/wp-json\/wp\/v2\/pages"}],"about":[{"href":"https:\/\/fsg-group.de\/Website\/index.php\/wp-json\/wp\/v2\/types\/page"}],"author":[{"embeddable":true,"href":"https:\/\/fsg-group.de\/Website\/index.php\/wp-json\/wp\/v2\/users\/1"}],"replies":[{"embeddable":true,"href":"https:\/\/fsg-group.de\/Website\/index.php\/wp-json\/wp\/v2\/comments?post=367"}],"version-history":[{"count":4,"href":"https:\/\/fsg-group.de\/Website\/index.php\/wp-json\/wp\/v2\/pages\/367\/revisions"}],"predecessor-version":[{"id":495,"href":"https:\/\/fsg-group.de\/Website\/index.php\/wp-json\/wp\/v2\/pages\/367\/revisions\/495"}],"wp:attachment":[{"href":"https:\/\/fsg-group.de\/Website\/index.php\/wp-json\/wp\/v2\/media?parent=367"}],"curies":[{"name":"wp","href":"https:\/\/api.w.org\/{rel}","templated":true}]}}