{"id":56,"date":"2023-02-27T16:26:03","date_gmt":"2023-02-27T16:26:03","guid":{"rendered":"https:\/\/fsg-group.de\/Website\/?page_id=56"},"modified":"2023-03-07T14:53:07","modified_gmt":"2023-03-07T14:53:07","slug":"firmenportrait-und-zusammensetzung-des-teams","status":"publish","type":"page","link":"https:\/\/fsg-group.de\/Website\/index.php\/firmenportrait-und-zusammensetzung-des-teams\/","title":{"rendered":"Firmenportrait und Team"},"content":{"rendered":"\n<style type=\"text\/css\" data-created_by=\"avia_inline_auto\" id=\"style-css-av-leofi5us-4ce864d2384b230c9de419cc91872844\">\n#top .av-special-heading.av-leofi5us-4ce864d2384b230c9de419cc91872844{\npadding-bottom:10px;\n}\nbody .av-special-heading.av-leofi5us-4ce864d2384b230c9de419cc91872844 .av-special-heading-tag .heading-char{\nfont-size:25px;\n}\n.av-special-heading.av-leofi5us-4ce864d2384b230c9de419cc91872844 .av-subheading{\nfont-size:15px;\n}\n<\/style>\n<div  class='av-special-heading av-leofi5us-4ce864d2384b230c9de419cc91872844 av-special-heading-h2  avia-builder-el-0  el_before_av_textblock  avia-builder-el-first '><h2 class='av-special-heading-tag'  itemprop=\"headline\"  >FSG Group \u2013 Analyse, Beratung und Umsetzung aus einer Hand<\/h2><div class=\"special-heading-border\"><div class=\"special-heading-inner-border\"><\/div><\/div><\/div>\n<section  class='av_textblock_section av-leo9zswz-cec4ec54aa0f97015c1e1863bf374383'  itemscope=\"itemscope\" itemtype=\"https:\/\/schema.org\/CreativeWork\" ><div class='avia_textblock'  itemprop=\"text\" ><p>Als Dienstleister mit\u00a0 thematischen Schwerpunkten in der Verkehrs- und Tourismusbranche sind wir seit 2004 vom zentral gelegenen Standort Kassel aus f\u00fcr unser Kunden aktiv.\u00a0 Dabei ist es unsere Maxime, immer ein offenes Ohr f\u00fcr die W\u00fcnsche und Ziele unserer Kunden zu haben.<\/p>\n<p>Denn nur durch ein vertrauensvollses Miteinander lassen sich gemeinsam die Herausforderungen in einer komplexer werdenden Zukunft bestm\u00f6glich meistern!<\/p>\n<\/div><\/section>\n\n<style type=\"text\/css\" data-created_by=\"avia_inline_auto\" id=\"style-css-av-leofii4e-b81682c09a08b29b31607ed69b55e62c\">\n#top .av-special-heading.av-leofii4e-b81682c09a08b29b31607ed69b55e62c{\npadding-bottom:10px;\n}\nbody .av-special-heading.av-leofii4e-b81682c09a08b29b31607ed69b55e62c .av-special-heading-tag .heading-char{\nfont-size:25px;\n}\n.av-special-heading.av-leofii4e-b81682c09a08b29b31607ed69b55e62c .av-subheading{\nfont-size:15px;\n}\n<\/style>\n<div  class='av-special-heading av-leofii4e-b81682c09a08b29b31607ed69b55e62c av-special-heading-h2  avia-builder-el-2  el_after_av_textblock  el_before_av_textblock '><h2 class='av-special-heading-tag'  itemprop=\"headline\"  >Das Team<\/h2><div class=\"special-heading-border\"><div class=\"special-heading-inner-border\"><\/div><\/div><\/div>\n<section  class='av_textblock_section av-qh1w-ede12b9cd95858eb4c4f7978ec574167'  itemscope=\"itemscope\" itemtype=\"https:\/\/schema.org\/CreativeWork\" ><div class='avia_textblock'  itemprop=\"text\" ><p>Unsere Projektmitarbeiter verf\u00fcgen \u00fcber vielf\u00e4ltige Kenntnisse und Erfahrungen in der Koordination und Umsetzung von Erhebungen und Studien f\u00fcr \u00f6ffentliche und private Auftraggeber. Zu unseren Kunden z\u00e4hlen unter anderem die Flugh\u00e4fen Hannover, Bremen, Kassel, Salzburg und Bern sowie die Friedrich-Ebert -und die Hans-B\u00f6ckler Stiftung, der ZVEI &#8211; Zentralverband Elektrotechnik- und Elektronikindustrie e.V., der Verband der Automobilzulieferer Sachsen und die St\u00e4dte Hofgeismar, Immenhausen und Borken.<\/p>\n<\/div><\/section>\n<div  class='hr av-5vm8-ac3a5aa2fc64089410ba0c851bb8f0b4 hr-default  avia-builder-el-4  el_after_av_textblock  el_before_av_team_member '><span class='hr-inner '><span class=\"hr-inner-style\"><\/span><\/span><\/div>\n<section  class='avia-team-member av-leoa0eit-8fd588187fed73dd0821527d36cbc5d5  avia-builder-el-5  el_after_av_hr  el_before_av_hr '  itemscope=\"itemscope\" itemtype=\"https:\/\/schema.org\/Person\" ><div class=\"team-img-container\"><img loading=\"lazy\" decoding=\"async\" class='wp-image-324 avia-img-lazy-loading-324 avia_image avia_image_team av-team-img-original' src=\"https:\/\/fsg-group.de\/Website\/wp-content\/uploads\/2023\/02\/ms-quer-300x200.png\" alt='Dipl. Geograph Michael Siegl'  itemprop=\"image\"   height=\"200\" width=\"300\" srcset=\"https:\/\/fsg-group.de\/Website\/wp-content\/uploads\/2023\/02\/ms-quer-300x200.png 300w, https:\/\/fsg-group.de\/Website\/wp-content\/uploads\/2023\/02\/ms-quer.png 400w\" sizes=\"auto, (max-width: 300px) 100vw, 300px\" \/><\/div><h3 class='team-member-name '  itemprop=\"name\" >Dipl. Geograph Michael Siegl<\/h3><div class='team-member-job-title '  itemprop=\"jobTitle\" >Senior Consultant<\/div><div class='team-member-description '  itemprop=\"description\" ><p>Michael Siegl ist seit rund 20 Jahren in der Beratung von Unternehmen, Kommunen, \u00f6ffentlichen Institutionen und Verb\u00e4nden t\u00e4tig. Seine Erfahrungsschwerpunkte liegen im Bereich der Erstellung von Analysen und Gutachten sowie bei der Durchf\u00fchrung von Projektkoordinationsaufgaben in den Themenfeldern Tourismus, Verkehr und Energiewirtschaft. Herr Siegl hat Geographie und Volkswirtschaft an der Universit\u00e4t Marburg studiert und ist zertifizierter Fachberater des ESF-Programms \u201eUnternehmenswert:Mensch\u201c. Herr Siegl ist seit 2015 ausgebildeter Mediator und seit 2022 Supervisor.<\/p>\n<\/div><span class='hidden team-member-affiliation'  itemprop=\"affiliation\" >FSG Group<\/span><\/section>\n<div  class='hr av-1eh68-f77fbe803be6deaefaafb5693a365a26 hr-default  avia-builder-el-6  el_after_av_team_member  el_before_av_team_member '><span class='hr-inner '><span class=\"hr-inner-style\"><\/span><\/span><\/div>\n<section  class='avia-team-member av-leob1awf-b2ebb5baa1f7dbc63f6573ce6020e002  avia-builder-el-7  el_after_av_hr  el_before_av_hr '  itemscope=\"itemscope\" itemtype=\"https:\/\/schema.org\/Person\" ><div class=\"team-img-container\"><img loading=\"lazy\" decoding=\"async\" class='wp-image-329 avia-img-lazy-loading-329 avia_image avia_image_team av-team-img-original' src=\"https:\/\/fsg-group.de\/Website\/wp-content\/uploads\/2023\/02\/Bornmann-224x300.jpg\" alt='Prof. Dr. \u2013 Ing. Manfred Bornmann'  itemprop=\"image\"   height=\"300\" width=\"224\" srcset=\"https:\/\/fsg-group.de\/Website\/wp-content\/uploads\/2023\/02\/Bornmann-224x300.jpg 224w, https:\/\/fsg-group.de\/Website\/wp-content\/uploads\/2023\/02\/Bornmann.jpg 276w\" sizes=\"auto, (max-width: 224px) 100vw, 224px\" \/><\/div><h3 class='team-member-name '  itemprop=\"name\" >Prof. Dr. \u2013 Ing. Manfred Bornmann<\/h3><div class='team-member-job-title '  itemprop=\"jobTitle\" >Senior Consultant<\/div><div class='team-member-description '  itemprop=\"description\" ><p>Prof. Bornmann ist als Hochschullehrer und Managementberater t\u00e4tig. Sein Schwerpunkt ist die Unterst\u00fctzung von Kleinen und Mittleren Unternehmen beim Projekt- und Innovationsmanagement. Er verf\u00fcgt \u00fcber mehrj\u00e4hrige Erfahrungen im Aufbau und Management von gro\u00dfen Unternehmensnetzwerken und gef\u00f6rderten F&E Projekten.<br \/>\nIn den zur\u00fcckliegenden Jahren wurde Prof. Bornmann in diverse Gremien und Beir\u00e4te von Unternehmen und Wirtschaftsverb\u00e4nden berufen.<\/p>\n<\/div><span class='hidden team-member-affiliation'  itemprop=\"affiliation\" >FSG Group<\/span><\/section>\n<div  class='hr av-t2nc-4886d3029641508b54749e9c86e7a6d1 hr-default  avia-builder-el-8  el_after_av_team_member  el_before_av_textblock '><span class='hr-inner '><span class=\"hr-inner-style\"><\/span><\/span><\/div>\n<section  class='av_textblock_section av-leoa1ekb-0d73dc140851332327831126ea5bf081'  itemscope=\"itemscope\" itemtype=\"https:\/\/schema.org\/CreativeWork\" ><div class='avia_textblock'  itemprop=\"text\" ><h3><strong>Dipl. Oec. Marc Spangenberg<\/strong><\/h3>\n<p>Projektassistenz. Im Team der FSG Group seit 2005. Schwerpunkte: Erstellung von Hintergrundanalysen und Dateninterpretationen.<\/p>\n<h3><\/h3>\n<h3><\/h3>\n<h3><strong>Designerin B.A. Nicole Tischendorf<\/strong><\/h3>\n<p>Als Netzwerkpartnerin arbeitet Frau Tischendorf seit 2010 als freie Kommunikationsdesignerin eng mit der FSG Group im Rahmen von unterschiedlichen Projekten zusammen.<\/p>\n<h3><\/h3>\n<h3><strong>Christopher Gehrling<\/strong><\/h3>\n<p>IT-Koordination, Webgestaltung. Im Team der FSG Group seit 2010.<\/p>\n<\/div><\/section>\n<div  class='hr av-omp0-f15df1a539245f019ee919673a24bc44 hr-default  avia-builder-el-10  el_after_av_textblock  avia-builder-el-last '><span class='hr-inner '><span class=\"hr-inner-style\"><\/span><\/span><\/div>\n","protected":false},"excerpt":{"rendered":"","protected":false},"author":1,"featured_media":0,"parent":0,"menu_order":1,"comment_status":"closed","ping_status":"closed","template":"","meta":{"footnotes":""},"class_list":["post-56","page","type-page","status-publish","hentry"],"_links":{"self":[{"href":"https:\/\/fsg-group.de\/Website\/index.php\/wp-json\/wp\/v2\/pages\/56","targetHints":{"allow":["GET"]}}],"collection":[{"href":"https:\/\/fsg-group.de\/Website\/index.php\/wp-json\/wp\/v2\/pages"}],"about":[{"href":"https:\/\/fsg-group.de\/Website\/index.php\/wp-json\/wp\/v2\/types\/page"}],"author":[{"embeddable":true,"href":"https:\/\/fsg-group.de\/Website\/index.php\/wp-json\/wp\/v2\/users\/1"}],"replies":[{"embeddable":true,"href":"https:\/\/fsg-group.de\/Website\/index.php\/wp-json\/wp\/v2\/comments?post=56"}],"version-history":[{"count":18,"href":"https:\/\/fsg-group.de\/Website\/index.php\/wp-json\/wp\/v2\/pages\/56\/revisions"}],"predecessor-version":[{"id":588,"href":"https:\/\/fsg-group.de\/Website\/index.php\/wp-json\/wp\/v2\/pages\/56\/revisions\/588"}],"wp:attachment":[{"href":"https:\/\/fsg-group.de\/Website\/index.php\/wp-json\/wp\/v2\/media?parent=56"}],"curies":[{"name":"wp","href":"https:\/\/api.w.org\/{rel}","templated":true}]}}