{"id":639,"date":"2024-03-11T15:26:13","date_gmt":"2024-03-11T15:26:13","guid":{"rendered":"https:\/\/fsg-group.de\/Website\/?page_id=639"},"modified":"2024-03-11T15:51:16","modified_gmt":"2024-03-11T15:51:16","slug":"aufbau-temporaerer-projektteams","status":"publish","type":"page","link":"https:\/\/fsg-group.de\/Website\/index.php\/aufbau-temporaerer-projektteams\/","title":{"rendered":"Aufbau tempor\u00e4rer Projektteams"},"content":{"rendered":"<section  class='av_textblock_section av-ltn3iomz-541d5c658599c95183cbc719579ccd28'  itemscope=\"itemscope\" itemtype=\"https:\/\/schema.org\/CreativeWork\" ><div class='avia_textblock'  itemprop=\"text\" ><h1><\/h1>\n<h1>Aufbau tempor\u00e4rer Projektteams<\/h1>\n<p>Die Realisierung von F&amp;E Projekten durch KMU ist h\u00e4ufig nur im Zusammenspiel mit externen Know-How Tr\u00e4gern m\u00f6glich. Die FSG Group unterst\u00fctzt die Unternehmen beim Aufbau und beim Management tempor\u00e4rer Projektteams. Ein Schwerpunkt ist dabei die Kooperation mit Forschungseinrichtungen und Hochschulen. Die personelle Zusammensetzung der Projektteams wird durch den Einsatz der interaktiven Plattform \u201eMein Stellenwert\u201c unterst\u00fctzt.<\/p>\n<\/div><\/section>\n","protected":false},"excerpt":{"rendered":"","protected":false},"author":1,"featured_media":0,"parent":0,"menu_order":0,"comment_status":"closed","ping_status":"closed","template":"","meta":{"footnotes":""},"class_list":["post-639","page","type-page","status-publish","hentry"],"_links":{"self":[{"href":"https:\/\/fsg-group.de\/Website\/index.php\/wp-json\/wp\/v2\/pages\/639","targetHints":{"allow":["GET"]}}],"collection":[{"href":"https:\/\/fsg-group.de\/Website\/index.php\/wp-json\/wp\/v2\/pages"}],"about":[{"href":"https:\/\/fsg-group.de\/Website\/index.php\/wp-json\/wp\/v2\/types\/page"}],"author":[{"embeddable":true,"href":"https:\/\/fsg-group.de\/Website\/index.php\/wp-json\/wp\/v2\/users\/1"}],"replies":[{"embeddable":true,"href":"https:\/\/fsg-group.de\/Website\/index.php\/wp-json\/wp\/v2\/comments?post=639"}],"version-history":[{"count":3,"href":"https:\/\/fsg-group.de\/Website\/index.php\/wp-json\/wp\/v2\/pages\/639\/revisions"}],"predecessor-version":[{"id":656,"href":"https:\/\/fsg-group.de\/Website\/index.php\/wp-json\/wp\/v2\/pages\/639\/revisions\/656"}],"wp:attachment":[{"href":"https:\/\/fsg-group.de\/Website\/index.php\/wp-json\/wp\/v2\/media?parent=639"}],"curies":[{"name":"wp","href":"https:\/\/api.w.org\/{rel}","templated":true}]}}